f (l + -2)/(o/2).
3
Let t(s) = 0*s + 8*s + s**2 + 0*s + 14 - 2*s. What are the prime factors of t(-6)?
2, 7
List the prime factors of 156 + (14/(-77) - 31/11).
3, 17
Let c(r) = 2*r + 0*r - r + r**2 + 0*r - 1. Let y(d) = -7*d**2 - 16*d - 3. Let q(f) = 6*c(f) + y(f). List the prime factors of q(-8).
7
Let i(x) = 2*x**3 - 20*x**2 + 4*x - 10. What are the prime factors of i(10)?
2, 3, 5
Let c(r) = 5*r**2 + 4*r + 4. Let u be c(-5). Let p = 165 - u. Suppose -2*f = -4*v - 5*f + 60, 0 = 4*v + 2*f - p. List the prime factors of v.
2, 3
Let j(o) = 5*o**2 - 2*o - 9. What are the prime factors of j(-5)?
2, 3, 7
Suppose l - 1 = 1. What are the prime factors of l?
2
Let h(y) = y**2 + 11*y + 7. Let b(q) = -q. Let d(r) = -4*b(r) - h(r). Let l be d(-6). Let p(v) = -9*v**3 + 1. List the prime factors of p(l).
2, 5
Let t be (-12)/18*2*-18. List the prime factors of t/(-9)*(3 - 6).
2
Suppose 2*t + 68 = 6*t. List the prime factors of t.
17
Let a(i) = 4*i - 4. Let j(t) = t - 2. Let n be j(7). What are the prime factors of a(n)?
2
Let q be (42/4)/((-3)/(-8)). Suppose 2*u + 2*s + 2*s = q, -70 = -5*u + 2*s. List the prime factors of u.
2, 7
Let j(o) = -o**2 - 7*o - 2. Let f be j(-6). Let v = 4 - f. Suppose -3*h + u = -21, -4*h + v*u = u - 28. What are the prime factors of h?
7
Let w(n) = -n - 9. Let v = 15 + -25. Let y(q) = q - 2. Let b be y(v). List the prime factors of w(b).
3
Let b = -94 + 256. What are the prime factors of b?
2, 3
List the prime factors of 80 + ((-6)/8 - (-25)/(-20)).
2, 3, 13
Let m be 0 + -7 + 8/4. What are the prime factors of -2*((-45)/(-6))/m?
3
Suppose -5*m + m + 8 = 0. List the prime factors of m.
2
Let x = 637 - 300. List the prime factors of x.
337
Suppose 0 = -3*m + 89 + 64. List the prime factors of m.
3, 17
Let h(p) = -p**2 - 7*p + 1. Let f be h(-7). Suppose -u = -2 - f. List the prime factors of u.
3
Let i(d) = -d**3 + 11*d**2 - 7*d + 12. List the prime factors of i(5).
127
What are the prime factors of 2/6*-10*-3?
2, 5
Suppose 0 = -4*l + 73 + 71. Suppose -2*k = -3*h - 77, -3*h + 4*h + l = k. List the prime factors of k.
31
Let n(k) = 62*k**3 + k**2 - k. Let w be n(1). Suppose u = -l + 14, 3*u - 2*l = -l + w. What are the prime factors of u?
19
Let t = 206 - 140. List the prime factors of t.
2, 3, 11
Let w = -156 + 312. What are the prime factors of w?
2, 3, 13
List the prime factors of (-4)/6*21/(-1).
2, 7
Let n be 1176/(-30) - 2/(-10). Let c be (-6)/(-9) - n/9. Let v = c + 10. List the prime factors of v.
3, 5
Suppose -c = -4*c - 5*h + 9, 4*h = -5*c + 15. List the prime factors of c.
3
Suppose 3*u = 2*u. Suppose 4*c - 8 = u, 4*j + c - 1 - 5 = 0. Let p = 7 - j. What are the prime factors of p?
2, 3
Suppose -h + 2 = v - 5*v, 4*v + 8 = 4*h. Suppose v = -2*d + 7*d + 35. Let l = d - -11. List the prime factors of l.
2
Let l(n) be the third derivative of -n**6/120 - n**5/20 - n**4/24 + n**3/6 - 3*n**2. List the prime factors of l(-3).
2
Let n be 3 + 9/(3/(-3)). Let p be (n/(-4))/((-6)/(-8)). Suppose -3*w - 2*h + 53 = 0, -p*w - 3*h = w - 57. List the prime factors of w.
3, 5
List the prime factors of (-19 - -58)/((-6)/(-14)).
7, 13
Let b be 1/((-39)/21 - -2). Let t = 11 - b. Suppose -53 = -5*v - 4*z, t*v = -v - 5*z + 50. List the prime factors of v.
13
Let r(a) = 16*a**2 + 51*a + 4. Let j(g) = -3*g**2 - 10*g - 1. Let y(b) = 11*j(b) + 2*r(b). Suppose -3 = 3*l + 15. What are the prime factors of y(l)?
3
Let n be -1 + -2 - -28 - 0. Let z = 37 - n. What are the prime factors of z?
2, 3
Suppose -5*m = -2*z - 60, 144 = -4*z + 6*m - 2*m. What are the prime factors of (72/30)/((-6)/z)?
2
Let v(f) be the second derivative of 7*f**3/6 - f**2/2 + f. Let k be v(1). Suppose k*p - 20 = p. List the prime factors of p.
2
Let a be 13 + -10 - 13*1. List the prime factors of (a/(-6))/(3/45).
5
Let v(o) = o**2 + 6*o - 4. Let k be v(-7). Let y be k*1*12/9. Suppose 2*j + 23 = 3*j + 5*x, -5*j = y*x - 31. List the prime factors of j.
3
Let v(l) = 7*l - 5. List the prime factors of v(4).
23
Let m be (0 + 0)*(-5)/(-15). Let w(z) = z + 3. Let g be w(0). Let d = g - m. List the prime factors of d.
3
Let p = 13 - 7. Suppose -16 + 4 = 3*b. Let y = p + b. List the prime factors of y.
2
Let i = -4 - -7. Suppose -2*o = -3*n + 11, -6*o + i*n - 9 = -3*o. Suppose o*g - 11 - 7 = 0. What are the prime factors of g?
3
Let l(q) = -34*q**3 + q**2 + q. What are the prime factors of l(-1)?
2, 17
Let q be -1 + (0 + 1 - 2). Let h be -1*(q + (11 - 0)). Let j = -4 - h. What are the prime factors of j?
5
Suppose -3*c + 40 = 2*c. Let d = c + -8. Suppose -5*b + 2*g + 36 = d, -3 = b + 6*g - 3*g. What are the prime factors of b?
2, 3
Suppose -4*g + 3*g = 3*w - 168, -4*g - 240 = -4*w. List the prime factors of w.
3, 19
Let i be 0 - -6 - (0 + 1). Suppose d = 4*b + 2*d - 51, 2*b - i*d - 31 = 0. List the prime factors of b.
13
Let s(c) = c**3 - 7*c**2 + 6*c + 4. Let r be s(6). Let z be 11/4 + 1/r. Suppose 0 = 5*o - 4*j - 10, -3*o - 8*j + 43 = -z*j. List the prime factors of o.
2, 3
Let o(j) = -3*j - 12. What are the prime factors of o(-16)?
2, 3
Let t(u) = -5*u**2 + u - u**3 + 3*u + 1 + 0*u**3. List the prime factors of t(-6).
13
Let v(a) = a**3 + a + 4. Let s be v(0). Suppose -47 = -s*l + 73. What are the prime factors of l?
2, 3, 5
Suppose -n + 2*n + 9 = 2*y, 4*y + 4*n = 24. Suppose -3*w + 8 = y*q, 2*w - 2 = -5*q + 5*w. List the prime factors of (12 + -11)*17*q.
17
Suppose g + g - 53 = -5*i, 0 = -g - 3*i + 26. Suppose m - g = -5. List the prime factors of m.
2, 3
Let m = 138 + -85. List the prime factors of m.
53
Suppose m = 3*m - 6. Suppose 12 = 7*s - m*s. What are the prime factors of s?
3
Suppose 0 = 2*g - 1 + 7. List the prime factors of g/1 + 16 + -2.
11
Let q = 6 - 5. Suppose 2*b - q = 15. List the prime factors of b.
2
Let l = 19 - -30. What are the prime factors of l?
7
Let n = 9 - 6. Suppose n*t - 4*f - 42 = 0, -f + 5*f + 56 = 4*t. What are the prime factors of t?
2, 7
Let d = 113 + -67. What are the prime factors of d?
2, 23
Let o(j) = -j**3 + 5*j**2 + 6*j - 9. Let a be o(6). Let r = a + 27. What are the prime factors of r?
2, 3
Let k = 5 + -4. List the prime factors of (-3*k)/3 + 6.
5
Let z = 8 + -5. Suppose 4*b - 3*i - 238 = -i, z*b = -3*i + 183. Suppose -4*g = -4*j + b, 3*g - g + 14 = j. What are the prime factors of j?
2
Let o(f) = -12*f + 10. Let l be o(-5). Suppose -86 - 23 = -3*u - p, -2*u = -2*p - l. List the prime factors of u.
2, 3
Let v(g) = -g**3 - g**2. Let w be v(0). Suppose w = -5*y + 2*y + 18. List the prime factors of (y/(-5))/(18/(-60)).
2
Let a be (-19)/(-2) - 15/(-10). Let c = a - 7. Suppose c*k + 20 = 0, 5*k = 5*s - 0*k - 65. What are the prime factors of s?
2
Let p = 5 + 39. List the prime factors of p.
2, 11
Let i(g) = -2*g - 3. Let w be i(3). Let o be (-15 + 3 + -6)*1. List the prime factors of 2/w + (-148)/o.
2
Let l = 0 - 4. Let g = -9 - l. List the prime factors of 13 + g + -2 + 4.
2, 5
Let o = 9 + -4. Let l(y) = -y**3 + 4*y**2 + 2*y + 4. Let s be l(o). Let i(d) = -d**2 - 14*d - 14. What are the prime factors of i(s)?
19
Let z(y) be the third derivative of 11*y**5/60 - y**4/12 - y**3/6 - 5*y**2. What are the prime factors of z(-1)?
2, 3
Suppose -3*r = 1 - 16. Suppose -r*i = 4*g - 26, -g + 5 = i - 0*i. List the prime factors of i.
2, 3
Suppose -3*b - 6 = -3*m, 5*m + 5*b - 2*b = -30. Let g = 5 + m. What are the prime factors of g/6 - 14/(-3)?
5
Suppose 0*s = -3*s + 15. Suppose d + 2*m = -3*d - 10, -5*m = -d + 14. Let q = s + d. List the prime factors of q.
2
Suppose -5*n = -0*n - 15. Suppose 0 = 5*o - 3*o + n*q - 17, -4*o - q + 39 = 0. List the prime factors of o.
2, 5
Suppose 5*n - 169 = 3*m, -2*m = -m + 3. What are the prime factors of n?
2
Suppose 0*a = -3*a + 57. Suppose -a = -4*z + 29. What are the prime factors of z?
2, 3
Let c = -7 - -11. Suppose -2*f - 3*x = -c*x - 5, 3*x = -3. Suppose f*u + u = 15. What are the prime factors of u?
5
Suppose 0 = -s - 3*f + 2*f, f - 1 = 0. Let p = 1 - s. Suppose -p*a + 36 = 2*a. What are the prime factors of a?
3
Suppose -5*i - 6 = -16. Suppose 0 = -z, 2*z - 4 = -2*l - i*z. Suppose 8*f + 8 = l*k + 4*f, -2*f = 2*k - 26. What are the prime factors of k?
2, 5
Suppose m - 5*z = 17, 2*m - 6*z = -2*z + 10. Let o be (1 - 0) + (-36)/m. Let p = o + -6. List the prime factors of p.
7
Suppose 2*r - x - 46 = 0, 2*x = 3*r + 2*